 o(d) = 7*d + 2. Let t be o(-2). Let k be (21/t)/((-1)/(-24)). Let w = k - -163. Is w a prime number?
False
Let a be (0*1/(-2))/1. Suppose 4*v + d = -a*d + 2971, -3*d + 3712 = 5*v. Suppose -2*w - 144 = -q - 7*w, -2*w = 5*q - v. Is q a composite number?
False
Let q = 23 + -34. Let w = q - -16. Suppose 5*a - 172 = r, -w*a - 5*r = -2*r - 164. Is a a composite number?
True
Suppose 7*z - 24725 = 33158. Is z composite?
False
Let m = 16302 - 6815. Is m a composite number?
True
Suppose 3 + 5 = 4*p. Let a(o) = -5*o - 3*o - o - p*o + 1. Is a(-6) composite?
False
Suppose 17*r + 116538 = 377284. Is r a prime number?
False
Let a(j) = 660*j**2 + 3*j - 1. Let y(b) = -b**2 + 5. Let w be y(2). Is a(w) a prime number?
False
Let d(i) = 1701*i - 83. Is d(5) prime?
False
Suppose 2*g + 3*g + 2*o - 26 = 0, -2*o = -5*g + 14. Suppose 481 = -g*i + 4249. Is i/(-9)*(-9)/6 prime?
True
Let x be (-21)/28 - 131/(-4). Let p = 31 - x. Is (-267 + (-10)/5)/p a composite number?
False
Suppose 36*z + 12987 = 40*z + u, 0 = -4*z - 5*u + 12983. Is z prime?
False
Let c = -335 + 2866. Is c a composite number?
False
Let t(o) = 3*o - 6. Let p be t(3). Let n = 4 + 183. Is n + (-4)/(-3)*p prime?
True
Let m(a) = 68*a**3 + 4*a**2 + 28*a - 99. Is m(6) a prime number?
False
Let k(y) = -148*y**3 - 30*y**2 + 4*y + 1. Is k(-6) prime?
False
Let x(q) = 48*q**3 + 5*q**2 - 24*q - 10. Is x(3) a prime number?
True
Suppose -9*y = 6*y - 1410. Suppose -4*m + 1359 + y = 3*p, -m + 483 = p. Is p a composite number?
False
Let a(c) = 3*c**3 + 6*c**2 + 3*c - 37. Is a(10) a prime number?
True
Suppose 3*h = 8*h - 20. Suppose 5*b - 1163 = -3*u, b - h*b = -3*u - 717. Is b composite?
True
Let w(a) = -9*a - 4 + 23*a + 27*a. Let n be w(-5). Let l = n + 342. Is l a prime number?
False
Let u = 15 - 4. Let i(h) = h**3 - 9*h**2 - 21*h - 6. Let d be i(u). Suppose n = -4*k + 558 + 291, -d*k - 4345 = -5*n. Is n a composite number?
True
Let y be 13 + -10 - (-2)/(-2). Let k be (-2 + y)/(-2*1). Suppose 2*d + 0*d - 826 = k. Is d prime?
False
Suppose 0 = -3*d - d. Suppose 2*f = -m - d*m + 1922, -10 = 5*f. Suppose 0 = 3*i - m - 447. Is i prime?
False
Let v = -1127 - -37348. Is v composite?
True
Suppose c = -4*x + 59190, -4*c + 34110 = 2*x + 4508. Is x a composite number?
False
Suppose 4*y - 2*t - 2300 = 0, 2*y - 258 - 908 = 5*t. Is y composite?
True
Let x be 2/(-11) + 14819/11. Let q = 2048 - x. Is q prime?
True
Suppose m - 2*m + 3935 = 3*j, -5*m = j - 19675. Is m prime?
False
Suppose -26 - 14 = -4*z - 4*i, -z + 3*i = -14. Let o(w) = -w**3 + 16*w**2 - 18*w - 14. Is o(z) a prime number?
False
Suppose 0 = -10*m - 22*m + 133792. Is m prime?
False
Let m(t) = 5*t**2 - 24*t - 121. Is m(-16) prime?
True
Let i be 4/((-7)/(7/(-2))). Is ((-10605)/(-6))/7 - (-1)/i composite?
True
Suppose -2990568 = -51*b + 840093. Is b composite?
True
Suppose -k = 2, -k = 14*y - 15*y + 10475. Is y a prime number?
False
Let f = -72 + 64. Is (-22419)/(-36) + (-2)/f composite?
True
Let j(u) = u**3 + 11*u**2 - 12*u. Let k be j(-12). Suppose k = 43*l - 46*l + 813. Is l a composite number?
False
Suppose i - 2 = 3*i. Let p be (0 - -1 - i) + -2. Suppose -2*m + u = -p*u - 437, -5*m = -2*u - 1091. Is m composite?
True
Let x(y) = 7815*y**3 + 2*y**2 - y + 1. Is x(1) a composite number?
False
Suppose 3*w - 3 = 2*w. Suppose 279 = w*b - 150. Is b a composite number?
True
Let k be 0/((3 + -4)*-1). Suppose 3*i - 3849 - 7062 = k. Is i a composite number?
False
Suppose -3*o + 9 = 0, -t + 6*t - 18 = 4*o. Let h be 4/(8/t)*149. Is h - (0 + -4 + 6) composite?
True
Suppose 0 = 2*h + 12*h - 1034698. Is h a composite number?
False
Suppose 5*b = -f + 23 + 11, 4*f = 2*b - 18. Let r = 8 - b. Is r*399 - (0 + -2) a composite number?
False
Let y(t) = 5*t**2 + 11*t - 7. Let z be (8/(-6) + 1)*-27. Is y(z) a prime number?
False
Suppose -5*i - 10 = 0, -3*i + 1492 = 3*s - 401. Let c = s - 373. Suppose -v - c = -5*a, 3*v - 68 = -0*a - a. Is a a prime number?
True
Let k(m) = -14587*m - 756. Is k(-7) a prime number?
False
Suppose -8564 = -4*d + 39036. Is d/12 + (-8)/12 prime?
True
Suppose 2*g + 12 = -2*p, 2*p - 8 = -2*g + 5*g. Let k(h) = -39*h + 1. Let y be k(p). Let l = 328 - y. Is l a composite number?
True
Let y(t) = -57*t**2 - 8*t - 3 + 10 + 59*t**2. Let n be (-74)/(-6) + 2/(-6). Is y(n) prime?
True
Suppose 2*s - 3231 = -5*q, 4*s + 1218 - 7701 = -3*q. Is s a prime number?
False
Let m(w) = 805*w**2 + 20*w - 52. Is m(-7) prime?
False
Suppose 0 = i + q + 1 - 6, -3*i + 15 = -5*q. Suppose -2*f - 11986 = -4*h, -i*f - 10920 + 1948 = -3*h. Is h prime?
True
Let c(g) = -g**2 - g + 28270. Let b be c(0). Suppose 2*r + b = 12*r. Is r a prime number?
False
Suppose -3*b = 2*y - 12 - 37, 0 = 5*y + 2*b - 139. Suppose -5*w - 266 = -3*m, -y - 85 = 2*w - 5*m. Let v = w + 89. Is v a prime number?
True
Is (-23502)/(-15) - (-1)/5 a composite number?
False
Suppose -6*u + 237 = 73*u. Let l(y) = -8*y + 9. Let m be l(6). Is (262/u)/((-13)/m) composite?
True
Let z be 15*(-1 + 9/5). Is -12*(-2 - z) - 2 a prime number?
False
Suppose 132 = -5*b + 3*o + 362, -2*o = 0. Is b/((-3)/((-87)/2)) composite?
True
Let o(c) = 9*c**2 + 5*c + 21. Let g be o(-15). Is g + -1 - 3*(-7)/(-21) a composite number?
True
Is 112/(-40)*(-73215)/18 prime?
False
Let n(f) = -7*f**3 - 3*f**2 + 3*f. Let o(l) = 10*l**3 + 4*l**2 - 4*l. Let i(x) = 7*n(x) + 5*o(x). Let s be i(1). Is (s - 2)*(-1 - 268) prime?
True
Suppose 3*f - 2749 = 2*a, 3*f - 3*a - 2350 - 395 = 0. Is f a prime number?
True
Suppose 3*w = -4*o - 0*w + 20564, -3*o + w + 15423 = 0. Suppose -4*s + 6245 = v - 14319, -s + 2*v + o = 0. Is s prime?
False
Suppose -2*l + 5*l - 12 = 0. Suppose 0 = 7*s - l*s - 8457. Is s prime?
True
Suppose -3441 = -26*t + 2149. Let g be ((-768)/((-1)/1))/1. Let j = g - t. Is j composite?
True
Let t(s) = -1 + 24 - 2 + 72*s. Is t(5) prime?
False
Let c = -9 + 23. Let y = c - 8. Suppose l + 815 = y*l. Is l prime?
True
Suppose -2*f + 3*f - 5*k = -175, -4*k - 846 = 5*f. Let q = 28 + f. Let h = 449 + q. Is h a composite number?
False
Let m(c) = -c - 18. Let p be 0 - (13 - (-2 - -1)). Let o be m(p). Let v(j) = 7*j**2 + 8*j + 9. Is v(o) a prime number?
True
Let v(p) = 69*p**3 - 7*p**2 - 15*p + 50. Is v(7) composite?
False
Let m(k) = -k**3 + 35*k**2 + 23*k + 124. Is m(31) composite?
True
Suppose -6*q - 33 = 27. Is (-3766)/q - (-2)/5 prime?
False
Let j = 3474 + -1765. Is j prime?
True
Let u(z) = 45*z**2 - 92*z + 101*z - 5*z**2 + 10. Is u(-5) a composite number?
True
Suppose 3*y - 7*y = -8. Suppose -y*c + 49 = -11. Suppose 4*r - 2*d = 56, 2*r - 5*d + 2 = c. Is r a composite number?
True
Suppose -2*y - 3*j - 10 = 0, 15 = -3*y - 0*j - 3*j. Is ((-10)/y + -21)*-11 a prime number?
False
Suppose y - 4*k + 84 - 24 = 0, 0 = -2*y - 2*k - 80. Let b = -15 + y. Let t = 282 + b. Is t a composite number?
False
Suppose 4*r = -r + 15. Suppose -60 = -4*p + 5*w + 406, 2*p + 5*w = 248. Suppose 2*t + p = x, -r*t = -x - 6*t + 94. Is x prime?
True
Let m(g) = 46*g**2 - g - 1. Let z = 28 - 45. Let l = z + 15. Is m(l) a prime number?
False
Let w = -9732 + 16565. Is w a composite number?
False
Let u be (0 + (0 - 5835))/(-1). Suppose 0 = 5*o - 2*o - u. Is o a composite number?
True
Let c(v) = 48*v**2 + 182*v - 45. Is c(-41) composite?
False
Suppose -5 + 1 = -2*p. Let f = -39 - -54. Suppose f = -3*z, -5*z - 70 - 31 = -p*y. Is y composite?
True
Let i be 233 + -6*(-1)/(-2). Let r = 0 + 2. Suppose 3*f + i = r*n, -n - 2*f + 210 = n. Is n composite?
False
Suppose -22*g + 9818 = -20*g. Is g composite?
False
Let u be 211/((-32)/(-28) - 1). Suppose 4*x = -3*x + u. Is x a prime number?
True
Suppose -30874 = -2*i - 4*x, 3*i - x = -2*i + 77185. Is i a composite number?
True
Let r be (-857)/2*(-2)/1. Let z(l) = 3*l**3 - 14*l**2 + 3*l - 35. Let s be z(5). Suppose -s*b + 388 + r = 0. Is b composite?
True
Let v(y) = y**3 + 6*y**2 - 8*y - 3. Let a be v(-7). Suppose 0 = 5*k + 4*r + 49, 6*k + 2*r + 20 = a*k. Let q(t) = -t**3 - 8*t**2 - 3*t + 3. Is q(k) prime?
False
Let r = 27 + -12. Let h be 6/30 + 882/r. Is (h/1)/(4 - 3) prime?
True
Let t = 2 + 1. Let z = 38 - t. Is z composite?
True
Is (6865/2 - 1)*(-1 - -3) prime?
True
Suppose 0*q = 4*f + 2*q - 30, f - 4*q + 15 = 0. Suppose 0 = -f*u + 849 - 139. Is u a prime number?
False
Let a = 275 + -191. Let w = 105 - 26. Let x = a + w. Is x prime?
True
Let i(m) = 5*m**2 - 2*m 